






{"id":1142,"date":"2012-01-11T10:55:53","date_gmt":"2012-01-11T10:55:53","guid":{"rendered":"http:\/\/pcpd.pl\/dev6\/?page_id=1142"},"modified":"2024-01-31T10:39:33","modified_gmt":"2024-01-31T09:39:33","slug":"cennik","status":"publish","type":"page","link":"https:\/\/pcpd.pl\/?page_id=1142","title":{"rendered":"CENNIK"},"content":{"rendered":"\n<table width=\"80%\">\n<thead>\n<tr>\n<td class=\"colfirst\" style=\"width: 50%; font-size: 25px;\"><strong>KOLOKACJA<\/strong><\/td>\n<td><\/td>\n<\/tr>\n<\/thead>\n<tbody>\n<tr>\n<td class=\"colfirst\" style=\"text-align: right;\"><span style=\"color: #575757; font-size: medium;\">Urz\u0105dzenie rackowalne 1 U<\/span><\/td>\n<td style=\"font-size: medium;\"><strong>85<\/strong> z\u0142 \/ msc<\/td>\n<\/tr>\n<tr>\n<td class=\"colfirst\" style=\"text-align: right;\"><span style=\"color: #575757; font-size: medium;\">Dodatkowe miejsce 1 U<\/span><\/td>\n<td style=\"font-size: medium;\"><strong>85<\/strong> z\u0142 \/ msc<\/td>\n<\/tr>\n<tr>\n<td class=\"colfirst\" style=\"text-align: right;\"><span style=\"color: #575757; font-size: medium;\">Moc serwera - ka\u017cde 100W zasilacza\u00a0 *<\/span><\/td>\n<td style=\"font-size: medium;\"><strong>92,11<\/strong> z\u0142 \/ msc<\/td>\n<\/tr>\n<tr>\n<td class=\"colfirst\" style=\"text-align: right;\"><span style=\"color: #575757; font-size: medium;\">10 TB danych dla \u0142\u0105cza 100 Mb\/s<\/span><\/td>\n<td style=\"font-size: medium;\"><strong>40 <\/strong>z\u0142 \/ msc<\/td>\n<\/tr>\n<tr>\n<td class=\"colfirst\">\n<p style=\"text-align: right;\"><span style=\"color: #575757; font-size: medium;\">Publiczny adres IP v4<\/span><\/p>\n<\/td>\n<td style=\"font-size: medium;\"><strong>10 <\/strong>z\u0142 \/ msc<\/td>\n<\/tr>\n<tr>\n<td class=\"colfirst\">\n<p style=\"text-align: right;\"><span style=\"color: #575757; font-size: medium;\">Port na switchu 1Gb\/s<\/span><\/p>\n<\/td>\n<td style=\"font-size: medium;\"><strong>15<\/strong> z\u0142 \/ msc<\/td>\n<\/tr>\n<tr>\n<td class=\"colfirst\">\n<p style=\"text-align: right;\"><span style=\"color: #575757; font-size: medium;\">Koszt rezerwacji mocy w systemach zasilania serwerowni dla szafy RACK za 1 Wat gwarantowanej mocy zasilania miesi\u0119cznie\u00a0 *<strong>*<\/strong><\/span><\/p>\n<\/td>\n<td style=\"font-size: medium;\"><strong>0,22<\/strong>\u00a0z\u0142 \/ msc<\/td>\n<\/tr>\n<tr>\n<td class=\"colfirst\" style=\"text-align: right;\"><strong><span style=\"color: #575757; font-size: medium;\">Grupa szaf<\/span><\/strong><\/td>\n<td><a href=\"http:\/\/pcpd.pl\/?page_id=1086\"class=\"sml-btn blue\" target=\"\">do negocjacji<\/a><\/td>\n<\/tr>\n<tr>\n<td class=\"colfirst\" style=\"font-size: medium;\">\n<p style=\"text-align: right;\"><strong>Backup<\/strong> - Automatyczny System Archiwizacji<\/p>\n<\/td>\n<td style=\"font-size: medium;\">Replikacja danych w DC\n(koszt miesi\u0119czny za 1 GB)<\/td>\n<\/tr>\n<tr>\n<td class=\"colfirst\">\n<p style=\"text-align: right;\"><span style=\"color: #575757; font-size: medium;\">ASA1 - System backupu dla pojedynczego stanowiska<\/span><\/p>\n<\/td>\n<td style=\"font-size: medium;\"><strong>2,99 <\/strong>z\u0142 \/ msc<\/td>\n<\/tr>\n<tr>\n<td class=\"colfirst\">\n<p style=\"text-align: right;\"><span style=\"color: #575757; font-size: medium;\">ASA10 - System backupu dla 10 stanowisk<\/span><\/p>\n<\/td>\n<td style=\"font-size: medium;\"><strong>2,49 <\/strong>z\u0142 \/ msc<\/td>\n<\/tr>\n<tr>\n<td class=\"colfirst\">\n<p style=\"text-align: right;\"><span style=\"color: #575757; font-size: medium;\">ASA10 +S - System backupu dla 10 stanowisk +serwer<\/span><\/p>\n<\/td>\n<td style=\"font-size: medium;\"><strong>2,49 <\/strong>z\u0142 \/ msc<\/td>\n<\/tr>\n<tr>\n<td class=\"colfirst\" style=\"text-align: right;\"><span style=\"color: #575757; font-size: medium;\">ASA20 - System backupu dla 20 stanowisk<\/span><\/td>\n<td style=\"font-size: medium;\"><strong>1,99 <\/strong>z\u0142 \/ msc<\/td>\n<\/tr>\n<tr>\n<td class=\"colfirst\" style=\"text-align: right;\"><span style=\"color: #575757; font-size: medium;\">ASA50 - System backupu dla 50 stanowisk<\/span><\/td>\n<td style=\"font-size: medium;\"><strong>1,49 <\/strong>z\u0142 \/ msc<\/td>\n<\/tr>\n<\/tbody>\n<\/table>\n<p>Podane ceny s\u0105 cenami netto. Do ka\u017cdej nale\u017cy doliczy\u0107 podatek VAT w wysoko\u015bci 23%<\/p>\n<p>*\u00a0 Moc urz\u0105dzenia deklarowana przez producenta i podawana na tabliczce znamionowej. W przypadku wielu urz\u0105dze\u0144 podajemy sum\u0119 mocy znamionowych.<br \/>\nDla urz\u0105dze\u0144 wyposa\u017conych w redundantne zasilacze dla dw\u00f3ch obwod\u00f3w zasilania sumujemy moce znamionowe jednego obwodu<\/p>\n<p>** Informacja o mocy zasilania dla szafy teleinformatycznej (w Watach), jakiej mog\u0105 wymaga\u0107 zainstalowane w niej urz\u0105dzenia. Informacja ta jest wymagana, aby zagwarantowa\u0107, \u017ce znajduj\u0105ce si\u0119 w szafie teleinformatycznej urz\u0105dzenia Us\u0142ugobiorcy b\u0119d\u0105 mia\u0142y wystarczaj\u0105c\u0105 ilo\u015b\u0107 mocy zasilaj\u0105cej. (W wi\u0119kszo\u015bci przypadk\u00f3w warto\u015b\u0107 ta b\u0119dzie sum\u0105 mocy znamionowych wszystkich zasilaczy kolokowanych urz\u0105dze\u0144.)<\/p>\n","protected":false},"excerpt":{"rendered":"<p>KOLOKACJA Urz\u0105dzenie rackowalne 1 U 85 z\u0142 \/ msc Dodatkowe miejsce 1 U 85 z\u0142 \/ msc Moc serwera &#8211; ka\u017cde 100W zasilacza\u00a0 * 92,11 z\u0142 \/ msc 10 TB danych dla \u0142\u0105cza 100 Mb\/s 40 z\u0142 \/ msc Publiczny adres IP v4 10 z\u0142 \/ msc Port na switchu 1Gb\/s 15 z\u0142 \/ msc&#8230;<\/p>\n","protected":false},"author":1,"featured_media":0,"parent":0,"menu_order":0,"comment_status":"closed","ping_status":"open","template":"Template-Full-Width.php","meta":{"footnotes":""},"class_list":["post-1142","page","type-page","status-publish","hentry"],"yoast_head":"<!-- This site is optimized with the Yoast SEO plugin v27.2 - https:\/\/yoast.com\/product\/yoast-seo-wordpress\/ -->\n<title>CENNIK - Pomorskie Centrum Przetwarzania Danych<\/title>\n<meta name=\"robots\" content=\"index, follow, max-snippet:-1, max-image-preview:large, max-video-preview:-1\" \/>\n<link rel=\"canonical\" href=\"https:\/\/pcpd.pl\/?page_id=1142\" \/>\n<meta property=\"og:locale\" content=\"pl_PL\" \/>\n<meta property=\"og:type\" content=\"article\" \/>\n<meta property=\"og:title\" content=\"CENNIK - Pomorskie Centrum Przetwarzania Danych\" \/>\n<meta property=\"og:description\" content=\"KOLOKACJA Urz\u0105dzenie rackowalne 1 U 85 z\u0142 \/ msc Dodatkowe miejsce 1 U 85 z\u0142 \/ msc Moc serwera - ka\u017cde 100W zasilacza\u00a0 * 92,11 z\u0142 \/ msc 10 TB danych dla \u0142\u0105cza 100 Mb\/s 40 z\u0142 \/ msc Publiczny adres IP v4 10 z\u0142 \/ msc Port na switchu 1Gb\/s 15 z\u0142 \/ msc...\" \/>\n<meta property=\"og:url\" content=\"https:\/\/pcpd.pl\/?page_id=1142\" \/>\n<meta property=\"og:site_name\" content=\"Pomorskie Centrum Przetwarzania Danych\" \/>\n<meta property=\"article:modified_time\" content=\"2024-01-31T09:39:33+00:00\" \/>\n<meta name=\"twitter:card\" content=\"summary_large_image\" \/>\n<meta name=\"twitter:label1\" content=\"Szacowany czas czytania\" \/>\n\t<meta name=\"twitter:data1\" content=\"1 minuta\" \/>\n<script type=\"application\/ld+json\" class=\"yoast-schema-graph\">{\"@context\":\"https:\/\/schema.org\",\"@graph\":[{\"@type\":\"WebPage\",\"@id\":\"https:\/\/pcpd.pl\/?page_id=1142\",\"url\":\"https:\/\/pcpd.pl\/?page_id=1142\",\"name\":\"CENNIK - Pomorskie Centrum Przetwarzania Danych\",\"isPartOf\":{\"@id\":\"https:\/\/pcpd.pl\/#website\"},\"datePublished\":\"2012-01-11T10:55:53+00:00\",\"dateModified\":\"2024-01-31T09:39:33+00:00\",\"breadcrumb\":{\"@id\":\"https:\/\/pcpd.pl\/?page_id=1142#breadcrumb\"},\"inLanguage\":\"pl-PL\",\"potentialAction\":[{\"@type\":\"ReadAction\",\"target\":[\"https:\/\/pcpd.pl\/?page_id=1142\"]}]},{\"@type\":\"BreadcrumbList\",\"@id\":\"https:\/\/pcpd.pl\/?page_id=1142#breadcrumb\",\"itemListElement\":[{\"@type\":\"ListItem\",\"position\":1,\"name\":\"Strona g\u0142\u00f3wna\",\"item\":\"https:\/\/pcpd.pl\/\"},{\"@type\":\"ListItem\",\"position\":2,\"name\":\"CENNIK\"}]},{\"@type\":\"WebSite\",\"@id\":\"https:\/\/pcpd.pl\/#website\",\"url\":\"https:\/\/pcpd.pl\/\",\"name\":\"Pomorskie Centrum Przetwarzania Danych\",\"description\":\"Pomorskie Centrum Przetwarzania Danych\",\"potentialAction\":[{\"@type\":\"SearchAction\",\"target\":{\"@type\":\"EntryPoint\",\"urlTemplate\":\"https:\/\/pcpd.pl\/?s={search_term_string}\"},\"query-input\":{\"@type\":\"PropertyValueSpecification\",\"valueRequired\":true,\"valueName\":\"search_term_string\"}}],\"inLanguage\":\"pl-PL\"}]}<\/script>\n<!-- \/ Yoast SEO plugin. -->","yoast_head_json":{"title":"CENNIK - Pomorskie Centrum Przetwarzania Danych","robots":{"index":"index","follow":"follow","max-snippet":"max-snippet:-1","max-image-preview":"max-image-preview:large","max-video-preview":"max-video-preview:-1"},"canonical":"https:\/\/pcpd.pl\/?page_id=1142","og_locale":"pl_PL","og_type":"article","og_title":"CENNIK - Pomorskie Centrum Przetwarzania Danych","og_description":"KOLOKACJA Urz\u0105dzenie rackowalne 1 U 85 z\u0142 \/ msc Dodatkowe miejsce 1 U 85 z\u0142 \/ msc Moc serwera - ka\u017cde 100W zasilacza\u00a0 * 92,11 z\u0142 \/ msc 10 TB danych dla \u0142\u0105cza 100 Mb\/s 40 z\u0142 \/ msc Publiczny adres IP v4 10 z\u0142 \/ msc Port na switchu 1Gb\/s 15 z\u0142 \/ msc...","og_url":"https:\/\/pcpd.pl\/?page_id=1142","og_site_name":"Pomorskie Centrum Przetwarzania Danych","article_modified_time":"2024-01-31T09:39:33+00:00","twitter_card":"summary_large_image","twitter_misc":{"Szacowany czas czytania":"1 minuta"},"schema":{"@context":"https:\/\/schema.org","@graph":[{"@type":"WebPage","@id":"https:\/\/pcpd.pl\/?page_id=1142","url":"https:\/\/pcpd.pl\/?page_id=1142","name":"CENNIK - Pomorskie Centrum Przetwarzania Danych","isPartOf":{"@id":"https:\/\/pcpd.pl\/#website"},"datePublished":"2012-01-11T10:55:53+00:00","dateModified":"2024-01-31T09:39:33+00:00","breadcrumb":{"@id":"https:\/\/pcpd.pl\/?page_id=1142#breadcrumb"},"inLanguage":"pl-PL","potentialAction":[{"@type":"ReadAction","target":["https:\/\/pcpd.pl\/?page_id=1142"]}]},{"@type":"BreadcrumbList","@id":"https:\/\/pcpd.pl\/?page_id=1142#breadcrumb","itemListElement":[{"@type":"ListItem","position":1,"name":"Strona g\u0142\u00f3wna","item":"https:\/\/pcpd.pl\/"},{"@type":"ListItem","position":2,"name":"CENNIK"}]},{"@type":"WebSite","@id":"https:\/\/pcpd.pl\/#website","url":"https:\/\/pcpd.pl\/","name":"Pomorskie Centrum Przetwarzania Danych","description":"Pomorskie Centrum Przetwarzania Danych","potentialAction":[{"@type":"SearchAction","target":{"@type":"EntryPoint","urlTemplate":"https:\/\/pcpd.pl\/?s={search_term_string}"},"query-input":{"@type":"PropertyValueSpecification","valueRequired":true,"valueName":"search_term_string"}}],"inLanguage":"pl-PL"}]}},"_links":{"self":[{"href":"https:\/\/pcpd.pl\/index.php?rest_route=\/wp\/v2\/pages\/1142","targetHints":{"allow":["GET"]}}],"collection":[{"href":"https:\/\/pcpd.pl\/index.php?rest_route=\/wp\/v2\/pages"}],"about":[{"href":"https:\/\/pcpd.pl\/index.php?rest_route=\/wp\/v2\/types\/page"}],"author":[{"embeddable":true,"href":"https:\/\/pcpd.pl\/index.php?rest_route=\/wp\/v2\/users\/1"}],"replies":[{"embeddable":true,"href":"https:\/\/pcpd.pl\/index.php?rest_route=%2Fwp%2Fv2%2Fcomments&post=1142"}],"version-history":[{"count":194,"href":"https:\/\/pcpd.pl\/index.php?rest_route=\/wp\/v2\/pages\/1142\/revisions"}],"predecessor-version":[{"id":3778,"href":"https:\/\/pcpd.pl\/index.php?rest_route=\/wp\/v2\/pages\/1142\/revisions\/3778"}],"wp:attachment":[{"href":"https:\/\/pcpd.pl\/index.php?rest_route=%2Fwp%2Fv2%2Fmedia&parent=1142"}],"curies":[{"name":"wp","href":"https:\/\/api.w.org\/{rel}","templated":true}]}}