






{"id":1086,"date":"2012-01-11T10:55:05","date_gmt":"2012-01-11T10:55:05","guid":{"rendered":"http:\/\/pcpd.pl\/dev6\/?page_id=1086"},"modified":"2026-03-10T10:38:21","modified_gmt":"2026-03-10T09:38:21","slug":"kontakt","status":"publish","type":"page","link":"https:\/\/pcpd.pl\/?page_id=1086","title":{"rendered":"KONTAKT"},"content":{"rendered":"<h3>KONTAKT z PCPD<\/h3>\n<p>Jeste\u015b zainteresowany nasz\u0105 ofert\u0105? Masz pytania b\u0105d\u017a w\u0105tpliwo\u015bci natury technicznej? Wiemy, \u017ce ka\u017cdy z naszych Klient\u00f3w ma inne potrzeby &#8211; wp\u0142ywa na to wiele zmiennych, dlatego te\u017c zapewniamy indywidualne rozwi\u0105zania, dzi\u0119ki kt\u00f3rym mo\u017cna zaoszcz\u0119dzi\u0107 czas i pieni\u0105dze. Skontaktuj si\u0119 z nami i razem rozwi\u0105\u017cemy ka\u017cdy problem.<\/p>\n<div class=\"one_third\">\n<p><strong>Napisz do nas: <em><a href=\"mailto: kontakt@pcpd.pl\">kontakt@pcpd.pl<\/a><\/em><\/strong><\/p>\n<p><strong>Zapraszamy do naszej siedziby <\/strong><strong>oraz wizytacji serwerowni<\/strong><\/p>\n<p>Pomorskie Centrum<br \/>\nPrzetwarzania Danych Sp. z o.o.<br \/>\nGda\u0144ski Park Naukowo &#8211; Technologiczny<br \/>\nul. Trzy Lipy 3, 80-172 Gda\u0144sk\u00a0<strong>(biuro nr. 2.4.B2)<\/strong><br \/>\ntel. +48 58 739 64 48<br \/>\nemail: <a href=\"mailto:kontakt@pcpd.pl\">kontakt@pcpd.pl<\/a><\/p>\n<ul>\n<li><a href=\"https:\/\/www.linkedin.com\/company\/pomorskie-centrum-przetwarzania-danych-sp-z-o-o\/\" target=\"_blank\" rel=\"noopener\">Linkedin<\/a><\/li>\n<li><a href=\"https:\/\/www.facebook.com\/profile.php?id=61582180947049\" target=\"_blank\" rel=\"noopener\">Facebook<\/a><\/li>\n<li><a href=\"https:\/\/youtube.com\/user\/pcpd2011\" target=\"_blank\" rel=\"noopener\">Youtube<\/a><\/li>\n<\/ul>\n<p>&nbsp;<\/p>\n<p>Marek Sajdak<br \/>\nPrezes Zarz\u0105du Sp\u00f3\u0142ki<br \/>\nkom.+48 508 87 93 75<br \/>\ntel. +48 58 739 64 48<br \/>\nemail: <a href=\"mailto:Marek.Sajdak@pcpd.pl\">Marek.Sajdak@pcpd.pl<\/a><br \/>\n<a href=\"http:\/\/www.facebook.com\/marek.sajdak.9\" target=\"_blank\" rel=\"noopener\">facebook<\/a><br \/>\n<a href=\"http:\/\/www.linkedin.com\/in\/marek-sajdak-4006391\/\" target=\"_blank\" rel=\"noopener\">linkedin<\/a><\/p>\n<\/div>\n<p style=\"text-align: right;\">\n<div class=\"two_third no-margin\">\n<p style=\"text-align: right;\"><iframe loading=\"lazy\" style=\"border: 0;\" src=\"https:\/\/www.google.com\/maps\/embed?pb=!1m18!1m12!1m3!1d9300.786766134557!2d18.588114796008984!3d54.35350520549693!2m3!1f0!2f0!3f0!3m2!1i1024!2i768!4f13.1!3m3!1m2!1s0x46fd7466b057b079%3A0xd56d41fd3a530aa6!2sGda%C5%84ski+Park+Naukowo+-+Technologiczny%2C+Trzy+Lipy+3%2C+80-172+Gda%C5%84sk!5e0!3m2!1spl!2spl!4v1494416632918\" width=\"600\" height=\"215\" frameborder=\"0\" allowfullscreen=\"allowfullscreen\"><\/iframe><\/p>\n<p style=\"text-align: right;\"><iframe loading=\"lazy\" src=\"https:\/\/www.youtube.com\/embed\/qyYsKDmAdlQ?rel=0\" width=\"600\" height=\"215\" frameborder=\"0\" allowfullscreen=\"allowfullscreen\"><\/iframe><\/p>\n<\/div>\n","protected":false},"excerpt":{"rendered":"<p>KONTAKT z PCPD Jeste\u015b zainteresowany nasz\u0105 ofert\u0105? Masz pytania b\u0105d\u017a w\u0105tpliwo\u015bci natury technicznej? Wiemy, \u017ce ka\u017cdy z naszych Klient\u00f3w ma inne potrzeby &#8211; wp\u0142ywa na to wiele zmiennych, dlatego te\u017c zapewniamy indywidualne rozwi\u0105zania, dzi\u0119ki kt\u00f3rym mo\u017cna zaoszcz\u0119dzi\u0107 czas i pieni\u0105dze. Skontaktuj si\u0119 z nami i razem rozwi\u0105\u017cemy ka\u017cdy problem.<\/p>\n","protected":false},"author":1,"featured_media":0,"parent":0,"menu_order":0,"comment_status":"closed","ping_status":"open","template":"Template-Full-Width.php","meta":{"footnotes":""},"class_list":["post-1086","page","type-page","status-publish","hentry"],"yoast_head":"<!-- This site is optimized with the Yoast SEO plugin v27.5 - https:\/\/yoast.com\/product\/yoast-seo-wordpress\/ -->\n<title>KONTAKT - Pomorskie Centrum Przetwarzania Danych<\/title>\n<meta name=\"robots\" content=\"index, follow, max-snippet:-1, max-image-preview:large, max-video-preview:-1\" \/>\n<link rel=\"canonical\" href=\"https:\/\/pcpd.pl\/?page_id=1086\" \/>\n<meta property=\"og:locale\" content=\"pl_PL\" \/>\n<meta property=\"og:type\" content=\"article\" \/>\n<meta property=\"og:title\" content=\"KONTAKT - Pomorskie Centrum Przetwarzania Danych\" \/>\n<meta property=\"og:description\" content=\"KONTAKT z PCPD Jeste\u015b zainteresowany nasz\u0105 ofert\u0105? Masz pytania b\u0105d\u017a w\u0105tpliwo\u015bci natury technicznej? Wiemy, \u017ce ka\u017cdy z naszych Klient\u00f3w ma inne potrzeby &#8211; wp\u0142ywa na to wiele zmiennych, dlatego te\u017c zapewniamy indywidualne rozwi\u0105zania, dzi\u0119ki kt\u00f3rym mo\u017cna zaoszcz\u0119dzi\u0107 czas i pieni\u0105dze. Skontaktuj si\u0119 z nami i razem rozwi\u0105\u017cemy ka\u017cdy problem.\" \/>\n<meta property=\"og:url\" content=\"https:\/\/pcpd.pl\/?page_id=1086\" \/>\n<meta property=\"og:site_name\" content=\"Pomorskie Centrum Przetwarzania Danych\" \/>\n<meta property=\"article:modified_time\" content=\"2026-03-10T09:38:21+00:00\" \/>\n<meta name=\"twitter:card\" content=\"summary_large_image\" \/>\n<meta name=\"twitter:label1\" content=\"Szacowany czas czytania\" \/>\n\t<meta name=\"twitter:data1\" content=\"1 minuta\" \/>\n<script type=\"application\/ld+json\" class=\"yoast-schema-graph\">{\"@context\":\"https:\\\/\\\/schema.org\",\"@graph\":[{\"@type\":\"WebPage\",\"@id\":\"https:\\\/\\\/pcpd.pl\\\/?page_id=1086\",\"url\":\"https:\\\/\\\/pcpd.pl\\\/?page_id=1086\",\"name\":\"KONTAKT - Pomorskie Centrum Przetwarzania Danych\",\"isPartOf\":{\"@id\":\"https:\\\/\\\/pcpd.pl\\\/#website\"},\"datePublished\":\"2012-01-11T10:55:05+00:00\",\"dateModified\":\"2026-03-10T09:38:21+00:00\",\"breadcrumb\":{\"@id\":\"https:\\\/\\\/pcpd.pl\\\/?page_id=1086#breadcrumb\"},\"inLanguage\":\"pl-PL\",\"potentialAction\":[{\"@type\":\"ReadAction\",\"target\":[\"https:\\\/\\\/pcpd.pl\\\/?page_id=1086\"]}]},{\"@type\":\"BreadcrumbList\",\"@id\":\"https:\\\/\\\/pcpd.pl\\\/?page_id=1086#breadcrumb\",\"itemListElement\":[{\"@type\":\"ListItem\",\"position\":1,\"name\":\"Strona g\u0142\u00f3wna\",\"item\":\"https:\\\/\\\/pcpd.pl\\\/\"},{\"@type\":\"ListItem\",\"position\":2,\"name\":\"KONTAKT\"}]},{\"@type\":\"WebSite\",\"@id\":\"https:\\\/\\\/pcpd.pl\\\/#website\",\"url\":\"https:\\\/\\\/pcpd.pl\\\/\",\"name\":\"Pomorskie Centrum Przetwarzania Danych\",\"description\":\"Pomorskie Centrum Przetwarzania Danych\",\"potentialAction\":[{\"@type\":\"SearchAction\",\"target\":{\"@type\":\"EntryPoint\",\"urlTemplate\":\"https:\\\/\\\/pcpd.pl\\\/?s={search_term_string}\"},\"query-input\":{\"@type\":\"PropertyValueSpecification\",\"valueRequired\":true,\"valueName\":\"search_term_string\"}}],\"inLanguage\":\"pl-PL\"}]}<\/script>\n<!-- \/ Yoast SEO plugin. -->","yoast_head_json":{"title":"KONTAKT - Pomorskie Centrum Przetwarzania Danych","robots":{"index":"index","follow":"follow","max-snippet":"max-snippet:-1","max-image-preview":"max-image-preview:large","max-video-preview":"max-video-preview:-1"},"canonical":"https:\/\/pcpd.pl\/?page_id=1086","og_locale":"pl_PL","og_type":"article","og_title":"KONTAKT - Pomorskie Centrum Przetwarzania Danych","og_description":"KONTAKT z PCPD Jeste\u015b zainteresowany nasz\u0105 ofert\u0105? Masz pytania b\u0105d\u017a w\u0105tpliwo\u015bci natury technicznej? Wiemy, \u017ce ka\u017cdy z naszych Klient\u00f3w ma inne potrzeby &#8211; wp\u0142ywa na to wiele zmiennych, dlatego te\u017c zapewniamy indywidualne rozwi\u0105zania, dzi\u0119ki kt\u00f3rym mo\u017cna zaoszcz\u0119dzi\u0107 czas i pieni\u0105dze. Skontaktuj si\u0119 z nami i razem rozwi\u0105\u017cemy ka\u017cdy problem.","og_url":"https:\/\/pcpd.pl\/?page_id=1086","og_site_name":"Pomorskie Centrum Przetwarzania Danych","article_modified_time":"2026-03-10T09:38:21+00:00","twitter_card":"summary_large_image","twitter_misc":{"Szacowany czas czytania":"1 minuta"},"schema":{"@context":"https:\/\/schema.org","@graph":[{"@type":"WebPage","@id":"https:\/\/pcpd.pl\/?page_id=1086","url":"https:\/\/pcpd.pl\/?page_id=1086","name":"KONTAKT - Pomorskie Centrum Przetwarzania Danych","isPartOf":{"@id":"https:\/\/pcpd.pl\/#website"},"datePublished":"2012-01-11T10:55:05+00:00","dateModified":"2026-03-10T09:38:21+00:00","breadcrumb":{"@id":"https:\/\/pcpd.pl\/?page_id=1086#breadcrumb"},"inLanguage":"pl-PL","potentialAction":[{"@type":"ReadAction","target":["https:\/\/pcpd.pl\/?page_id=1086"]}]},{"@type":"BreadcrumbList","@id":"https:\/\/pcpd.pl\/?page_id=1086#breadcrumb","itemListElement":[{"@type":"ListItem","position":1,"name":"Strona g\u0142\u00f3wna","item":"https:\/\/pcpd.pl\/"},{"@type":"ListItem","position":2,"name":"KONTAKT"}]},{"@type":"WebSite","@id":"https:\/\/pcpd.pl\/#website","url":"https:\/\/pcpd.pl\/","name":"Pomorskie Centrum Przetwarzania Danych","description":"Pomorskie Centrum Przetwarzania Danych","potentialAction":[{"@type":"SearchAction","target":{"@type":"EntryPoint","urlTemplate":"https:\/\/pcpd.pl\/?s={search_term_string}"},"query-input":{"@type":"PropertyValueSpecification","valueRequired":true,"valueName":"search_term_string"}}],"inLanguage":"pl-PL"}]}},"_links":{"self":[{"href":"https:\/\/pcpd.pl\/index.php?rest_route=\/wp\/v2\/pages\/1086","targetHints":{"allow":["GET"]}}],"collection":[{"href":"https:\/\/pcpd.pl\/index.php?rest_route=\/wp\/v2\/pages"}],"about":[{"href":"https:\/\/pcpd.pl\/index.php?rest_route=\/wp\/v2\/types\/page"}],"author":[{"embeddable":true,"href":"https:\/\/pcpd.pl\/index.php?rest_route=\/wp\/v2\/users\/1"}],"replies":[{"embeddable":true,"href":"https:\/\/pcpd.pl\/index.php?rest_route=%2Fwp%2Fv2%2Fcomments&post=1086"}],"version-history":[{"count":127,"href":"https:\/\/pcpd.pl\/index.php?rest_route=\/wp\/v2\/pages\/1086\/revisions"}],"predecessor-version":[{"id":3871,"href":"https:\/\/pcpd.pl\/index.php?rest_route=\/wp\/v2\/pages\/1086\/revisions\/3871"}],"wp:attachment":[{"href":"https:\/\/pcpd.pl\/index.php?rest_route=%2Fwp%2Fv2%2Fmedia&parent=1086"}],"curies":[{"name":"wp","href":"https:\/\/api.w.org\/{rel}","templated":true}]}}